541 a multiple of 11?
True
Is 93 a factor of 21311?
False
Is 54 a factor of 1432?
False
Is 1575 a multiple of 114?
False
Is 113 a factor of 40495?
False
Does 12 divide 5954?
False
Does 45 divide 6563?
False
Is 79 a factor of 532?
False
Is 18 a factor of 36?
True
Is 12 a factor of 11166?
False
Is 705 a multiple of 15?
True
Is 4 a factor of 32813?
False
Is 3488 a multiple of 109?
True
Is 483 a multiple of 21?
True
Is 5382 a multiple of 12?
False
Does 26 divide 35308?
True
Does 13 divide 403?
True
Is 24 a factor of 15648?
True
Does 82 divide 579?
False
Does 14 divide 2674?
True
Is 5 a factor of 695?
True
Is 996 a multiple of 43?
False
Is 17 a factor of 642?
False
Is 25 a factor of 6725?
True
Does 10 divide 229?
False
Is 112 a multiple of 8?
True
Is 20 a factor of 21500?
True
Is 7050 a multiple of 197?
False
Does 86 divide 86?
True
Does 6 divide 1063?
False
Is 3 a factor of 1382?
False
Does 2 divide 60?
True
Is 21 a factor of 1239?
True
Is 73 a factor of 3753?
False
Is 63 a factor of 35469?
True
Does 9 divide 5886?
True
Is 6 a factor of 438?
True
Is 13244 a multiple of 7?
True
Does 4 divide 5684?
True
Is 666 a multiple of 18?
True
Is 11 a factor of 10768?
False
Does 3 divide 788?
False
Is 9899 a multiple of 113?
False
Is 662 a multiple of 52?
False
Is 1480 a multiple of 20?
True
Is 131 a multiple of 65?
False
Does 4 divide 412?
True
Is 228 a multiple of 12?
True
Is 160 a factor of 10080?
True
Is 390 a multiple of 5?
True
Is 7 a factor of 351?
False
Is 13756 a multiple of 38?
True
Does 27 divide 1710?
False
Is 16 a factor of 6816?
True
Does 34 divide 374?
True
Is 13 a factor of 40976?
True
Is 3097 a multiple of 163?
True
Is 7513 a multiple of 19?
False
Is 11 a factor of 5584?
False
Does 2 divide 3777?
False
Does 16 divide 363?
False
Is 10064 a multiple of 117?
False
Is 4822 a multiple of 12?
False
Is 924 a multiple of 28?
True
Does 42 divide 10910?
False
Is 56 a factor of 22040?
False
Does 57 divide 285?
True
Is 17 a factor of 1445?
True
Is 230 a multiple of 9?
False
Is 31 a factor of 2819?
False
Is 121 a factor of 7744?
True
Does 16 divide 4080?
True
Is 10672 a multiple of 232?
True
Is 1284 a multiple of 13?
False
Does 17 divide 1156?
True
Does 5 divide 1238?
False
Is 301 a multiple of 2?
False
Does 11 divide 1161?
False
Is 17646 a multiple of 156?
False
Is 33 a factor of 1122?
True
Does 23 divide 2824?
False
Is 123 a multiple of 9?
False
Is 10726 a multiple of 31?
True
Is 74 a factor of 25160?
True
Is 6 a factor of 345?
False
Is 6 a factor of 4723?
False
Does 9 divide 490?
False
Is 21 a factor of 39445?
False
Is 2 a factor of 34?
True
Is 55 a factor of 5959?
False
Is 70 a multiple of 10?
True
Is 75 a factor of 11550?
True
Does 17 divide 25386?
False
Does 166 divide 9960?
True
Is 128844 a multiple of 336?
False
Is 104843 a multiple of 21?
False
Does 19 divide 629?
False
Is 663 a multiple of 12?
False
Does 8 divide 6072?
True
Does 30 divide 3685?
False
Is 10912 a multiple of 176?
True
Does 38 divide 265?
False
Does 11 divide 29216?
True
Does 8 divide 1384?
True
Is 2668 a multiple of 22?
False
Is 8 a factor of 14576?
True
Is 13664 a multiple of 14?
True
Does 341 divide 31713?
True
Does 8 divide 3427?
False
Is 855 a multiple of 171?
True
Does 2 divide 94?
True
Is 195 a factor of 2821?
False
Is 6 a factor of 942?
True
Is 14632 a multiple of 23?
False
Does 21 divide 55852?
False
Is 1296 a multiple of 37?
False
Is 4 a factor of 6608?
True
Does 5 divide 3729?
False
Is 726 a multiple of 6?
True
Is 26 a factor of 39295?
False
Is 7 a factor of 1906?
False
Is 3 a factor of 2055?
True
Is 2984 a multiple of 6?
False
Is 425 a multiple of 17?
True
Is 3204 a multiple of 17?
False
Is 64 a factor of 117536?
False
Does 11 divide 990?
True
Does 26 divide 364?
True
Is 19 a factor of 12345?
False
Is 1633 a multiple of 23?
True
Is 201 a multiple of 12?
False
Does 123 divide 11549?
False
Is 55 a factor of 51920?
True
Is 167 a factor of 20541?
True
Is 18 a factor of 12294?
True
Is 8 a factor of 5336?
True
Is 404 a multiple of 30?
False
Is 78917 a multiple of 53?
True
Is 13 a factor of 95?
False
Does 12 divide 1230?
False
Is 390 a multiple of 6?
True
Is 137 a factor of 29044?
True
Is 5203 a multiple of 43?
True
Is 17776 a multiple of 202?
True
Is 78 a factor of 3826?
False
Is 65 a factor of 2990?
True
Is 23 a factor of 225?
False
Is 11970 a multiple of 45?
True
Does 59 divide 1239?
True
Is 1772 a multiple of 4?
True
Is 864 a multiple of 24?
True
Is 43240 a multiple of 115?
True
Is 79 a factor of 1302?
False
Is 144 a factor of 62640?
True
Is 9327 a multiple of 5?
False
Is 8 a factor of 551?
False
Is 2 a factor of 7624?
True
Is 862 a multiple of 45?
False
Is 903 a multiple of 11?
False
Does 53 divide 8700?
False
Does 39 divide 1014?
True
Does 24 divide 470?
False
Is 7 a factor of 38577?
True
Is 211 a factor of 39372?
False
Is 59 a factor of 3911?
False
Is 24 a factor of 196?
False
Does 35 divide 5005?
True
Is 1870 a multiple of 22?
True
Does 17 divide 21114?
True
Is 19 a factor of 160175?
False
Is 19 a factor of 5112?
False
Is 368 a multiple of 23?
True
Is 2184 a multiple of 13?
True
Is 2241 a multiple of 17?
False
Is 13164 a multiple of 6?
True
Does 10 divide 2070?
True
Is 104 a factor of 55744?
True
Does 8 divide 14080?
True
Does 33 divide 1173?
False
Is 15619 a multiple of 24?
False
Is 21529 a multiple of 129?
False
Does 41 divide 3075?
True
Is 25 a factor of 5800?
True
Is 2463 a multiple of 57?
False
Does 12 divide 1056?
True
Does 68 divide 385?
False
Is 1322 a multiple of 18?
False
Does 100 divide 13000?
True
Does 61 divide 125453?
False
Does 8 divide 23772?
False
Is 635 a multiple of 84?
False
Does 25 divide 74?
False
Does 265 divide 69165?
True
Does 30 divide 480?
True
Is 137 a factor of 35863?
False
Does 32 divide 14367?
False
Is 3425 a multiple of 29?
False
Is 11 a factor of 774?
False
Does 3 divide 147?
True
Does 135 divide 3271?
False
Does 275 divide 3025?
True
Is 87 a factor of 2456?
False
Is 31501 a multiple of 24?
False
Is 14 a factor of 1273?
False
Is 696 a multiple of 11?
False
Is 5 a factor of 1498?
False
Is 92924 a multiple of 273?
False
Is 206 a factor of 13708?
False
Does 33 divide 943?
False
Does 23 divide 13547?
True
Does 252 divide 107352?
True
Is 31 a factor of 8243?
False
Is 11 a factor of 9625?
True
Is 10 a factor of 2878?
False
Is 63 a multiple of 25?
False
Is 8 a factor of 7792?
True
Does 35 divide 696?
False
Does 12 divide 3048?
True
Is 1082 a multiple of 57?
False
Does 14 divide 1994?
False
Does 106 divide 9834?
False
Is 5880 a multiple of 147?
True
Is 11 a factor of 13082?
False
Is 11627 a multiple of 63?
False
Is 36 a factor of 11592?
True
Does 4 divide 512?
True
Does 26 divide 3960?
False
Does 4 divide 136?
True
Is 40 a factor of 1120?
True
Is 7 a factor of 11033?
False
Is 460 a multiple of 115?
True
Does 31 divide 1523?
False
Does 27 divide 101?
False
Is 11 a factor of 5940?
True
Is 27 a factor of 1176?
False
Is 18 a factor of 18154?
False
Is 3404 a multiple of 23?
True
Is 37 a factor of 1998?
True
Does 105 divide 4305?
True
Is 26 a factor of 2376?
False
Is 119574 a multiple of 14?
True
Is 7 a factor of 36663?
False
Is 152 even?
True
Does 14 divide 146?
False
Is 4 a factor of 176?
True
Is 5 a factor of 85?
True
Does 24 divide 2860?
False
Is 8636 a multiple of 9?
False
Is 4455 a multiple of 33?
True
Is 40 a factor of 640?
True
Does 63 divide 5922?
True
Is 546 a multiple of 42?
True
Is 22118 a multiple of 13?
False
Does 13 divide 230?
False
Does 5 divide 6332?
False
Is 32220 a multiple of 9?
True
Is 3922 a multiple of 109?
False
Is 5285 a multiple of 5?
True
Is 15 a factor of 2955?
True
Is 180 a factor of 2716?
False
Is 17 a factor of 161?
False
Is 15 a factor of 171?
False
Is 14 a factor of 231?
False
Does 3 divide 4388?
False
Is 32 a factor of 21014?
False
Is 8 a factor of 1418?
False
Is 88 a factor of 7568?
True
Does 87 divide 2616?
False
Is 76 a multiple of 4?
True
Is 5 a factor of 11710?
True
Is 651 a multiple of 86?
False
Is 15 a factor of 1198?
False
Is 7358 a multiple of 185?
False
Is 7 a factor of 686?
True
Does 96 divide 3360?
True
Is 4 a factor of 592?
True
Is 49043 a multiple of 28?
False
Is 6948 a multiple of 5?
False
Is 6468 a multiple of 6?
True
Is 17 a factor of 341?
False
Is 141 a factor of 53078?
False
Is 1781 a multiple